 common factor of 37243 and 1?
1
What is the highest common divisor of 115994 and 118?
118
What is the highest common factor of 1375 and 13842125?
1375
What is the highest common factor of 24 and 14808?
24
What is the greatest common factor of 7070 and 560?
70
What is the greatest common factor of 1628 and 267880?
148
What is the highest common divisor of 62 and 52111?
31
Calculate the highest common divisor of 3131104 and 32.
32
Calculate the highest common divisor of 82295 and 2180.
545
What is the greatest common factor of 47957 and 1904?
119
What is the greatest common divisor of 202905 and 729?
243
What is the greatest common divisor of 13257 and 405?
27
What is the greatest common divisor of 351330 and 315?
105
Calculate the greatest common factor of 600 and 126885.
15
Calculate the greatest common divisor of 675 and 78975.
675
Calculate the greatest common factor of 430730 and 1710.
190
What is the greatest common factor of 670 and 145330?
10
Calculate the highest common divisor of 3597 and 283182.
327
Calculate the highest common factor of 3033 and 9.
9
Calculate the greatest common factor of 10884 and 396.
12
Calculate the greatest common divisor of 6667 and 56839.
113
Calculate the highest common factor of 22363 and 3971.
209
Calculate the greatest common factor of 38 and 483607.
19
What is the greatest common divisor of 5440 and 2329?
17
What is the greatest common divisor of 149366 and 8883?
329
What is the highest common divisor of 63 and 98763?
21
What is the highest common factor of 29083 and 12595?
229
What is the greatest common factor of 705735 and 60?
15
What is the greatest common divisor of 125496 and 2490?
498
What is the highest common divisor of 235 and 119850?
235
Calculate the highest common divisor of 20 and 870540.
20
What is the highest common divisor of 4280 and 51560?
40
Calculate the greatest common divisor of 5206834 and 3356.
1678
What is the greatest common divisor of 3 and 194142?
3
Calculate the highest common divisor of 237 and 139119.
237
What is the greatest common factor of 49152 and 5184?
192
Calculate the highest common factor of 212 and 17967.
53
What is the highest common divisor of 3045 and 1002855?
105
Calculate the greatest common factor of 3569 and 172.
43
What is the highest common divisor of 26 and 347971?
13
Calculate the greatest common factor of 238 and 3791850.
34
What is the highest common factor of 53578 and 7826?
602
Calculate the greatest common divisor of 971366 and 33.
11
What is the greatest common factor of 148080 and 160?
80
Calculate the highest common divisor of 1358 and 2954.
14
Calculate the greatest common divisor of 1239 and 21567.
21
What is the highest common divisor of 3508918 and 106?
106
Calculate the greatest common divisor of 25281 and 9.
9
What is the greatest common divisor of 253690 and 230?
230
Calculate the greatest common divisor of 35 and 57659.
7
Calculate the greatest common factor of 748 and 11832.
68
What is the highest common divisor of 1462938 and 414?
138
What is the greatest common divisor of 23650 and 575?
25
Calculate the greatest common factor of 3 and 131574.
3
Calculate the greatest common divisor of 347580 and 720.
180
Calculate the greatest common factor of 35392 and 53760.
448
What is the greatest common divisor of 1365 and 231231?
273
What is the greatest common factor of 1080 and 26120?
40
Calculate the highest common divisor of 3124 and 108.
4
What is the greatest common divisor of 323037 and 117?
117
Calculate the highest common factor of 112 and 30982.
14
Calculate the greatest common divisor of 379958 and 174.
58
Calculate the greatest common factor of 1961 and 3478.
37
What is the greatest common factor of 220 and 33408?
4
What is the greatest common divisor of 578 and 7106?
34
Calculate the highest common divisor of 32 and 11734.
2
What is the highest common divisor of 3055 and 435220?
235
Calculate the highest common divisor of 413402 and 5434.
418
What is the highest common divisor of 14183 and 416?
13
What is the highest common factor of 5754 and 168?
42
Calculate the greatest common divisor of 90 and 636450.
30
What is the greatest common factor of 2238819 and 33?
33
What is the greatest common factor of 38 and 1521767?
19
What is the highest common divisor of 29072 and 85004?
316
What is the greatest common divisor of 48 and 1248504?
24
Calculate the highest common factor of 22 and 61765.
11
Calculate the greatest common divisor of 441 and 599858.
49
What is the highest common factor of 342958 and 3451?
119
What is the greatest common divisor of 2170 and 199206?
434
What is the greatest common divisor of 33426 and 4293?
27
What is the highest common factor of 770310 and 240?
30
What is the highest common divisor of 13200 and 168?
24
What is the highest common divisor of 216 and 2727?
27
Calculate the greatest common divisor of 808 and 11110.
202
What is the highest common divisor of 75236 and 756?
28
Calculate the highest common factor of 1995 and 80310.
15
Calculate the highest common factor of 202 and 118.
2
What is the highest common divisor of 3290 and 23840?
10
Calculate the greatest common factor of 5776341 and 381.
381
Calculate the greatest common factor of 235 and 155.
5
What is the greatest common factor of 47071 and 6077?
103
Calculate the highest common divisor of 245 and 1720.
5
Calculate the greatest common factor of 8025 and 105.
15
Calculate the greatest common divisor of 1221 and 30.
3
Calculate the greatest common factor of 1448734 and 98.
98
What is the highest common divisor of 426 and 189712?
142
Calculate the highest common divisor of 217 and 48949.
31
What is the greatest common divisor of 1287 and 63531?
117
Calculate the highest common factor of 3237 and 6487.
13
What is the greatest common divisor of 1659 and 2310?
21
What is the greatest common factor of 2427 and 12567006?
2427
What is the greatest common divisor of 249331 and 1336?
167
What is the highest common divisor of 124 and 703328?
124
What is the highest common factor of 1107 and 1189?
41
What is the highest common divisor of 1182096 and 288?
144
Calculate the highest common factor of 8481 and 1023.
33
Calculate the greatest common factor of 14958 and 95094.
54
What is the highest common divisor of 310 and 57010?
10
What is the greatest common divisor of 392 and 816?
8
What is the greatest common divisor of 4575 and 47865?
15
What is the greatest common factor of 7769 and 26963?
457
What is the highest common divisor of 3854 and 5822?
82
What is the greatest common divisor of 33856 and 5336?
184
Calculate the highest common factor of 227468 and 532.
76
What is the greatest common factor of 448 and 19880?
56
What is the greatest common factor of 205418 and 5962?
542
Calculate the highest common factor of 139104 and 1995.
21
Calculate the highest common divisor of 12 and 2395996.
4
What is the greatest common divisor of 1651 and 75699?
13
What is the highest common divisor of 454 and 587703?
227
Calculate the highest common divisor of 555 and 156399.
111
Calculate the highest common factor of 201518 and 34.
34
Calculate the highest common factor of 7 and 94.
1
Calculate the highest common factor of 189 and 98973.
63
Calculate the greatest common factor of 123110 and 2249.
13
What is the greatest common divisor of 187 and 210375?
187
Calculate the greatest common divisor of 33 and 32945.
11
What is the greatest common divisor of 202089 and 318?
159
Calculate the greatest common divisor of 223802 and 11296.
706
Calculate the highest common factor of 3762695 and 85.
85
What is the highest common divisor of 735 and 6811?
49
What is the highest common factor of 30024 and 1080?
216
Calculate the greatest common divisor of 1027242 and 486.
162
Calculate the highest common factor of 76868 and 88.
44
What is the greatest common factor of 366 and 291?
3
Calculate the highest common divisor of 60 and 1350.
30
Calculate the greatest common divisor of 151470 and 9537.
561
Calculate the greatest common divisor of 12809874 and 66.
66
What is the greatest common factor of 40 and 699640?
40
Calculate the highest common divisor of 642323 and 22.
11
What is the greatest common factor of 7695 and 15561?
171
Calculate the greatest common divisor of 1633 and 20953.
